 + 5*j + 5142 = 0, 7*x = 4*x - 4*j + 5115. Is x a composite number?
False
Suppose 49468 = 2*n + n - 4*v, -2*n = -3*v - 32980. Suppose 16*s - 13932 = n. Is s a composite number?
False
Let w(l) = 3*l - 37. Suppose 0 + 104 = 8*p. Let o be w(p). Suppose 4*t - 4*f - 2352 = 0, -o*t - 5*f = -1006 - 163. Is t a prime number?
True
Let m = -213025 + 387322. Is m prime?
False
Suppose -2*t = 5*s + 33141, -4*s - 3444 - 23062 = 5*t. Let q = -3702 - s. Is q a prime number?
True
Suppose 0 = -4*a - x + 6697222, -a + 1279680 + 394635 = 5*x. Is a prime?
False
Suppose 0 = 2*v + 3*s, s + 8 = -3*v + 5*v. Suppose -v*b + 22 = 10. Suppose -5*o + b*c + 5051 = 0, -5*o - 5*c = -0*c - 5015. Is o composite?
True
Let u(p) = p**3 + 11*p**2 - 9*p + 40. Let h be u(-12). Is (-9)/(-36) - h/(64/(-59548)) a composite number?
True
Let c = 13510 - -2297. Is -2 - (-3)/(9/c) composite?
True
Let a(b) = 6*b + 3. Let p be a(-6). Let i = p - -36. Suppose i*d - 784 = 5*t, 5*d - 3*t = 2*d + 786. Is d composite?
False
Let h be (-1)/(-1) + 3 + -2. Suppose 9569 = 3*t - s, -7*t = -2*t - 3*s - 15943. Suppose -h*i + 3*j = -t, 0*j - j = 3*i - 4792. Is i prime?
True
Let b(x) = -8834*x - 2073. Is b(-32) prime?
False
Let z be (-142)/3*(-2301)/26. Is (z - 4 - -7) + 9 a prime number?
True
Let w = -190 + 99. Is (-26)/w - (-15111)/7 composite?
True
Let k be 6 + (-720)/117 + 545042/26. Let s = k + -7696. Is s a composite number?
False
Suppose 4888*u - 273 = 4895*u. Let f(o) = o**3 + 5*o**2 + 4*o + 6. Let l be f(-4). Is l/(-39) - 153783/u a prime number?
True
Is (-1)/16 + (-295641)/(-144) a prime number?
True
Let o(p) = p**3 + 2*p**2 + p. Suppose 5*q = -25, 0 - 2 = -3*s + q. Let t be o(s). Is ((-51)/(-6) - t)/(3/822) composite?
True
Let n(y) = y**3 - 9*y**2 - 20*y - 17. Let p be n(11). Suppose -251389 = -4*a - p*c, -5*a + 7*a = 4*c + 125714. Is a prime?
True
Let f(t) = -t**3 + 12*t**2 - 11*t + 6. Let a be f(11). Let r be 9/(243/a) - (-50)/18. Suppose 8*y - 4 = 7*y, -5*x + r*y + 958 = 0. Is x prime?
False
Suppose 3*x + f = -x + 8925, 11125 = 5*x - 5*f. Suppose 2*p + 3*l - 3327 = -p, -4*l - x = -2*p. Is p prime?
False
Let w(t) = 39*t + 52. Suppose 0 = 5*r - 95 + 10. Let u be w(r). Suppose 17*n - u = 5184. Is n a composite number?
False
Let a(z) = 153*z**2 - 4*z + 4. Let p be a(-3). Suppose g - p = 2878. Is g a composite number?
False
Suppose 4*b = -4, 9*o - 4*b + 41 = 14*o. Suppose o*h - 49256 - 105661 = 0. Is h prime?
False
Suppose 0 = -7*s + 61 - 26. Suppose -2*a - s*k = -979, 2*a - 3*a + 3*k = -517. Is a a prime number?
False
Suppose -3669 = -10*p + 9*p. Suppose -5*v + p = -2*f + 3*f, 0 = v + 5*f - 729. Is v a composite number?
True
Suppose 6*q = -92 - 70. Let m be (-5)/(-4) + q/(-36). Suppose 0 = -m*n - 5*n + 1477. Is n prime?
True
Suppose -4*c - 4*z = -161832, -c = -2*z - 23703 - 16758. Is c a composite number?
False
Let z = -25459 - -351110. Is z a composite number?
True
Let n(q) = -q**3 + q**2 + q. Let a(k) = -669*k**3 - 3*k**2 - 5*k - 1. Let g(l) = a(l) + 2*n(l). Let x be g(-1). Let t = x - -29. Is t composite?
False
Let q be 1 + 3130*-2 + 3. Let x = 18215 + q. Is x a prime number?
True
Suppose k = 5*u - 1736, k = -0*u + 3*u - 1042. Suppose -59*j - 4920 = -62*j. Let c = u + j. Is c a prime number?
True
Let z = 469792 - 148593. Is z composite?
False
Let d(w) = -29*w + 6. Let f be d(-23). Is f*(0 + 3 + 4) composite?
True
Let m = 20438 - 6908. Suppose 4*a - 6*l = -9*l + 13526, -4*a = l - m. Is a a prime number?
False
Let y be ((-32)/(-6))/(10/15). Suppose y*v - 6*v - 824 = 0. Suppose -2*h = -v - 34. Is h a prime number?
True
Let y(i) = 29*i**2 + 9*i - 1. Suppose -3*r = 2*p - 5, -2*p + r = 2*p - 31. Suppose -p*z + 10*z + 18 = 0. Is y(z) a composite number?
True
Suppose 3*c + 2*l - 2 + 36 = 0, 0 = c + 5*l + 7. Is (2409/c)/(26/(-104)) a composite number?
True
Is 10/30 + 3 + (-1681266)/(-18) a prime number?
True
Let t be (-1)/((-21)/34 - (-2)/17). Suppose -t*b = -3*b + 1291. Is b composite?
False
Let k = -13 + 13. Suppose k = d - 4*d + 4*a + 5913, 5*d - 9847 = 4*a. Is d a prime number?
False
Let a = -134009 + 381250. Is a composite?
False
Let n(m) = -12*m + 87. Let c be n(6). Is c/((-105)/98)*(-2174)/4 prime?
False
Let n(u) be the third derivative of 1/30*u**5 - 4*u**2 + 0 + 5/3*u**3 + 5/24*u**4 + 0*u. Is n(7) composite?
True
Let p = -5572 + 5576. Let f be 6/15 - (-2)/(-5). Suppose f*h = p*h - 508. Is h a composite number?
False
Suppose 0*t = -t + 7. Let j(q) = -192*q**2 + 3*q - 7. Let z be j(t). Is (z/(-7) - 1*-2) + -1 a prime number?
False
Let l(i) = 23*i - 21*i - 7 + 0. Let r be l(5). Suppose 191 = r*d - 2*d. Is d prime?
True
Let l = 2078 + 14265. Is l prime?
False
Let k(s) = 2504*s + 41. Let u = 365 - 358. Is k(u) composite?
False
Let q(m) be the first derivative of -m + 163/4*m**4 + m**2 - 1/3*m**3 - 11. Is q(1) a prime number?
True
Suppose -n - 42 = 2*n. Let v be 2/n + 145/35. Is -2 + (v - 3)*385 - 2 a composite number?
True
Let z(h) be the first derivative of h**3/3 + 15*h**2/2 - 14*h + 16. Let l be z(-16). Is (-3)/((-9)/268) - l/6 a prime number?
True
Let w be -21*666 - (36/12)/3. Let g = -7842 - w. Is g a prime number?
False
Let c = -426 + 426. Suppose -3*q = -2*z + 11017, c = q - 3. Is z a prime number?
False
Let t(a) = 22*a**3 + 3*a**2 + 23*a + 275. Is t(22) prime?
False
Suppose 3*n = -4*f + 11, -3*f + 6 = 2*n - 3. Suppose f*h = -4*g + 85, -g = h - 5*h + 68. Suppose -2105 = -h*r - 218. Is r composite?
True
Let n = 35 + -30. Suppose 4370 = -4*i + n*y + 13258, 2*y = i - 2225. Is i a prime number?
False
Let m = 6135 + 1147. Suppose -m = -26*v + 24*v. Is v a prime number?
False
Let h = 380 + -372. Suppose 5*t - 3*v = 29177, h*t - 5*t + 4*v - 17483 = 0. Is t a composite number?
True
Let w(i) be the third derivative of -1/24*i**4 - 1/3*i**3 + 0 + 19/30*i**5 + 0*i + 13*i**2. Is w(5) a composite number?
True
Suppose 0 = -2*f - t + 95492, f - 78*t - 47767 = -75*t. Is f composite?
True
Suppose 3*o - 4*h + 6118 = 0, 4307 = -2*o - 4*h + 215. Let z = o + 8093. Is z a prime number?
False
Let q = -37432 + 106161. Is q composite?
False
Is 7522*((-44)/(-8))/(-11)*-11 composite?
True
Suppose -4*n - 2*p = 30, 0 = -4*n + 2*p - 3*p - 25. Let s(v) = -723*v + 286. Is s(n) prime?
False
Suppose -4672922 = -66*d - 501590. Is d prime?
False
Is ((-18)/279 + 2*(-203)/434)*-63493 a composite number?
False
Let q(x) = x**3 - 32*x**2 + 18*x + 5. Let p be q(14). Let y = -1490 - p. Is y a composite number?
True
Suppose -2*v + 4*v = -5*j + 26, -v + j = 1. Let w be (-1)/(-1) + 2/6*v. Suppose -w*a - 5*y + 1273 = 0, 3*y = a + a - 1249. Is a a prime number?
False
Suppose 0 = 5*p - 3*a + 70, -2*p - 3*a + 56 = -6*p. Let y be (-282)/4*p/(-21). Let m = y + 78. Is m composite?
False
Let u(w) = 2*w**2 + 32*w + 42. Let d be u(-15). Suppose 71548 = d*t + 9520. Is t a prime number?
False
Let r be 4 + 18*4/(-12)*4. Let c(u) = u**3 + 27*u**2 + 6*u + 25. Is c(r) a composite number?
True
Suppose -4*p = 15 - 39. Suppose 4*c + 22739 = 5*o, 0 = 5*o + 4*c - p*c - 22737. Is o prime?
True
Let k(u) = 1144*u - 2851. Is k(93) prime?
False
Suppose -24*w - 8 = -28*w. Is (-21342 + 1)/(w - 5 - -2) a composite number?
False
Let d = 63 - 36. Let q = -30 + d. Is ((-522)/12)/(q/6) composite?
True
Let m be 2/(-8) + 2415/28. Let n = 90 - m. Is 112/1 + (-4)/n + -2 a composite number?
False
Let c = 238 + -230. Is (c + -9)/(2/((-1524)/2)) a composite number?
True
Suppose -8*z + 333925 - 17323 = -474366. Is z composite?
True
Suppose 261006 = -44*q + 24154. Let m = q + 8976. Is m composite?
False
Let s(p) = -166*p + 17. Let v be s(-13). Let j = v + 361. Suppose -4*f + 4*c + 2538 = c, 2*c + j = 4*f. Is f composite?
True
Suppose 9 = -5*a - 91. Let h(d) = -72*d - 95. Is h(a) a composite number?
True
Suppose 0 = 3*k + 15, -2*k - 38120 = -3*m + 612623. Is m prime?
True
Let b(d) = -d - 3. Let y be b(-3). Suppose y = 6*i - 12. Suppose -3*u + 314 = i*o - o, -1221 = -4*o - 5*u. Is o a prime number?
False
Let m = -46975 - -82658. Is m a prime number?
False
Let x = 228 + -224. Is (4/16*x - 0)*667 composite?
True
Suppose 0 = 3*n + 42 + 117. Let x = n - -54. Is (19/(-38))/(x + (-5535)/5534) a composite number?
False
Let r = -2431 - -4588. Suppose 3*q + 4*p - r = 0, 3*p = -p. Suppose -12*g + 2725 + q = 0. Is g composite?
True
Suppose -17*u = -36*u - 456. Is (-959152)/u - 2*1/(-6) 